{"id":32,"date":"2022-06-24T13:08:09","date_gmt":"2022-06-24T13:08:09","guid":{"rendered":"https:\/\/www.kraliktomas-partners.com\/?page_id=32"},"modified":"2025-02-25T08:10:02","modified_gmt":"2025-02-25T08:10:02","slug":"pozicka-vo-svajciarsku","status":"publish","type":"page","link":"https:\/\/www.kraliktomas-partners.com\/?page_id=32","title":{"rendered":"P\u00f4\u017ei\u010dka vo \u0160vaj\u010diarsku"},"content":{"rendered":"\n<p>Spolupracujem s mnoh\u00fdmi bankov\u00fdmi i\u0161tit\u00faciami a finan\u010dn\u00fdmi spolo\u010dnostiami, ako s\u00fa UBS Bank, Credit Suisse, BaloiseBank, Luzernkantonalbank, Cembra Money Bank, BankNow, Corner Bank, Migros Bank.<br>Zaober\u00e1m sa takisto dlhodob\u00fdmi ako aj kr\u00e1tkodob\u00fdmi p\u00f4\u017ei\u010dkami.<\/p>\n\n\n\n<h2 class=\"wp-block-heading\">Hypotek\u00e1rky \u00faver<\/h2>\n\n\n\n<p><strong>Hypotek\u00e1rny \u00faver | Hypothek<\/strong><br>Len m\u00e1lo \u013eud\u00ed si m\u00f4\u017ee dovoli\u0165 zaplati\u0165 nehnute\u013enos\u0165 bez hypot\u00e9ky. Preto je vo v\u00e4\u010d\u0161ine pr\u00edpadov nutn\u00e9 vypracova\u0165 pl\u00e1n financovania, ktor\u00fd zah\u0155\u0148a aj hypot\u00e9ku. Vo \u0160vaj\u010diarsku je stanovan\u00e1 minim\u00e1lna spolu\u00fa\u010das\u0165 klienta na financovan\u00ed nehnute\u013enosti vo v\u00fd\u0161ke 20 % z ceny nehnute\u013enosti, ale aj tieto prostriedky nie je nutn\u00e9 ma\u0165 priamo v hotovosti.<br>Svojim klientom pon\u00fakam profesion\u00e1ly finan\u010dn\u00fd pl\u00e1n pri financovan\u00ed nehnute\u013enosti cez hypot\u00e9ku.<\/p>\n\n\n\n<h2 class=\"wp-block-heading\">Spotrebn\u00e1 p\u00f4\u017ei\u010dka<\/h2>\n\n\n\n<p><strong>Spotrebn\u00e1 p\u00f4\u017ei\u010dka | Privatkredit<\/strong><br>Poskytovanie spotrebite\u013esk\u00fdch \u00faverov je upraven\u00e9 v spolkovom z\u00e1kone o spotrebite\u013esk\u00fdch \u00faveroch. \u00da\u010delom tohto z\u00e1kona je chr\u00e1ni\u0165 dl\u017en\u00edka pred mo\u017en\u00fdm nadmern\u00fdm zad\u013a\u017een\u00edm a samozrejme chr\u00e1ni\u0165 aj banky pred neplati\u010dmi.<br>Z\u00e1kladom pri \u017eiadosti o spotren\u00fa p\u00f4\u017ei\u010dku je \u010dist\u00fd register dlhov (Betreibungsauszug). Mezdzi z\u00e1kladn\u00e9 predpoklady patr\u00ed tie\u017e povolenie na pobyt minim\u00e1lne typu B, dva roky nepretr\u017eit\u00e9ho pobytu vo \u0160vaj\u010diarsku a pravideln\u00fd pr\u00edjem. Zmluva priamo pod firmou 6mesiacov a pracovn\u00fd pomer pod Agent\u00farou 12 mesiacov v jednej a tej istej agent\u00fare.<\/p>\n\n\n\n<p><\/p>\n\n\n<div class=\"wp-block-image\">\n<figure class=\"aligncenter size-medium\"><img loading=\"lazy\" decoding=\"async\" width=\"300\" height=\"109\" src=\"https:\/\/www.kraliktomas-partners.com\/wp-content\/uploads\/2022\/06\/cropped-logo_modre1-300x109.png\" alt=\"\" class=\"wp-image-103\" srcset=\"https:\/\/www.kraliktomas-partners.com\/wp-content\/uploads\/2022\/06\/cropped-logo_modre1-300x109.png 300w, https:\/\/www.kraliktomas-partners.com\/wp-content\/uploads\/2022\/06\/cropped-logo_modre1-1024x371.png 1024w, https:\/\/www.kraliktomas-partners.com\/wp-content\/uploads\/2022\/06\/cropped-logo_modre1-768x279.png 768w, https:\/\/www.kraliktomas-partners.com\/wp-content\/uploads\/2022\/06\/cropped-logo_modre1-1536x557.png 1536w, https:\/\/www.kraliktomas-partners.com\/wp-content\/uploads\/2022\/06\/cropped-logo_modre1-2048x743.png 2048w, https:\/\/www.kraliktomas-partners.com\/wp-content\/uploads\/2022\/06\/cropped-logo_modre1-1920x696.png 1920w\" sizes=\"auto, (max-width: 300px) 100vw, 300px\" \/><\/figure>\n<\/div>","protected":false},"excerpt":{"rendered":"<p>Spolupracujem s mnoh\u00fdmi bankov\u00fdmi i\u0161tit\u00faciami a finan\u010dn\u00fdmi spolo\u010dnostiami, ako s\u00fa UBS Bank, Credit Suisse, BaloiseBank, Luzernkantonalbank, Cembra Money Bank, BankNow, Corner Bank, Migros Bank.Zaober\u00e1m sa takisto dlhodob\u00fdmi ako aj kr\u00e1tkodob\u00fdmi p\u00f4\u017ei\u010dkami. Hypotek\u00e1rky \u00faver Hypotek\u00e1rny \u00faver | HypothekLen m\u00e1lo \u013eud\u00ed si m\u00f4\u017ee dovoli\u0165 zaplati\u0165 nehnute\u013enos\u0165 bez hypot\u00e9ky. Preto je vo v\u00e4\u010d\u0161ine pr\u00edpadov nutn\u00e9 vypracova\u0165 pl\u00e1n financovania,&hellip; <br \/> <a class=\"read-more\" href=\"https:\/\/www.kraliktomas-partners.com\/?page_id=32\">Read more<\/a><\/p>\n","protected":false},"author":1,"featured_media":0,"parent":0,"menu_order":0,"comment_status":"closed","ping_status":"closed","template":"","meta":{"footnotes":""},"class_list":["post-32","page","type-page","status-publish","hentry"],"aioseo_notices":[],"yoast_head":"<!-- This site is optimized with the Yoast SEO plugin v27.4 - https:\/\/yoast.com\/product\/yoast-seo-wordpress\/ -->\n<title>P\u00f4\u017ei\u010dka vo \u0160vaj\u010diarsku - Kralik Tomas and Partners<\/title>\n<meta name=\"robots\" content=\"index, follow, max-snippet:-1, max-image-preview:large, max-video-preview:-1\" \/>\n<link rel=\"canonical\" href=\"https:\/\/www.kraliktomas-partners.com\/?page_id=32\" \/>\n<meta property=\"og:locale\" content=\"sk_SK\" \/>\n<meta property=\"og:type\" content=\"article\" \/>\n<meta property=\"og:title\" content=\"P\u00f4\u017ei\u010dka vo \u0160vaj\u010diarsku - Kralik Tomas and Partners\" \/>\n<meta property=\"og:description\" content=\"Spolupracujem s mnoh\u00fdmi bankov\u00fdmi i\u0161tit\u00faciami a finan\u010dn\u00fdmi spolo\u010dnostiami, ako s\u00fa UBS Bank, Credit Suisse, BaloiseBank, Luzernkantonalbank, Cembra Money Bank, BankNow, Corner Bank, Migros Bank.Zaober\u00e1m sa takisto dlhodob\u00fdmi ako aj kr\u00e1tkodob\u00fdmi p\u00f4\u017ei\u010dkami. Hypotek\u00e1rky \u00faver Hypotek\u00e1rny \u00faver | HypothekLen m\u00e1lo \u013eud\u00ed si m\u00f4\u017ee dovoli\u0165 zaplati\u0165 nehnute\u013enos\u0165 bez hypot\u00e9ky. Preto je vo v\u00e4\u010d\u0161ine pr\u00edpadov nutn\u00e9 vypracova\u0165 pl\u00e1n financovania,&hellip; Read more\" \/>\n<meta property=\"og:url\" content=\"https:\/\/www.kraliktomas-partners.com\/?page_id=32\" \/>\n<meta property=\"og:site_name\" content=\"Kralik Tomas and Partners\" \/>\n<meta property=\"article:publisher\" content=\"https:\/\/www.facebook.com\/Kralik-Tomas-Partners-103329075753200\" \/>\n<meta property=\"article:modified_time\" content=\"2025-02-25T08:10:02+00:00\" \/>\n<meta property=\"og:image\" content=\"https:\/\/www.kraliktomas-partners.com\/wp-content\/uploads\/2022\/06\/cropped-logo_modre1.png\" \/>\n\t<meta property=\"og:image:width\" content=\"2556\" \/>\n\t<meta property=\"og:image:height\" content=\"927\" \/>\n\t<meta property=\"og:image:type\" content=\"image\/png\" \/>\n<meta name=\"twitter:card\" content=\"summary_large_image\" \/>\n<meta name=\"twitter:label1\" content=\"Predpokladan\u00fd \u010das \u010d\u00edtania\" \/>\n\t<meta name=\"twitter:data1\" content=\"2 min\u00faty\" \/>\n<script type=\"application\/ld+json\" class=\"yoast-schema-graph\">{\"@context\":\"https:\\\/\\\/schema.org\",\"@graph\":[{\"@type\":\"WebPage\",\"@id\":\"https:\\\/\\\/www.kraliktomas-partners.com\\\/?page_id=32\",\"url\":\"https:\\\/\\\/www.kraliktomas-partners.com\\\/?page_id=32\",\"name\":\"P\u00f4\u017ei\u010dka vo \u0160vaj\u010diarsku - Kralik Tomas and Partners\",\"isPartOf\":{\"@id\":\"https:\\\/\\\/www.kraliktomas-partners.com\\\/#website\"},\"primaryImageOfPage\":{\"@id\":\"https:\\\/\\\/www.kraliktomas-partners.com\\\/?page_id=32#primaryimage\"},\"image\":{\"@id\":\"https:\\\/\\\/www.kraliktomas-partners.com\\\/?page_id=32#primaryimage\"},\"thumbnailUrl\":\"https:\\\/\\\/www.kraliktomas-partners.com\\\/wp-content\\\/uploads\\\/2022\\\/06\\\/cropped-logo_modre1-300x109.png\",\"datePublished\":\"2022-06-24T13:08:09+00:00\",\"dateModified\":\"2025-02-25T08:10:02+00:00\",\"breadcrumb\":{\"@id\":\"https:\\\/\\\/www.kraliktomas-partners.com\\\/?page_id=32#breadcrumb\"},\"inLanguage\":\"sk-SK\",\"potentialAction\":[{\"@type\":\"ReadAction\",\"target\":[\"https:\\\/\\\/www.kraliktomas-partners.com\\\/?page_id=32\"]}]},{\"@type\":\"ImageObject\",\"inLanguage\":\"sk-SK\",\"@id\":\"https:\\\/\\\/www.kraliktomas-partners.com\\\/?page_id=32#primaryimage\",\"url\":\"https:\\\/\\\/www.kraliktomas-partners.com\\\/wp-content\\\/uploads\\\/2022\\\/06\\\/cropped-logo_modre1.png\",\"contentUrl\":\"https:\\\/\\\/www.kraliktomas-partners.com\\\/wp-content\\\/uploads\\\/2022\\\/06\\\/cropped-logo_modre1.png\",\"width\":2556,\"height\":927},{\"@type\":\"BreadcrumbList\",\"@id\":\"https:\\\/\\\/www.kraliktomas-partners.com\\\/?page_id=32#breadcrumb\",\"itemListElement\":[{\"@type\":\"ListItem\",\"position\":1,\"name\":\"Home\",\"item\":\"https:\\\/\\\/www.kraliktomas-partners.com\\\/\"},{\"@type\":\"ListItem\",\"position\":2,\"name\":\"P\u00f4\u017ei\u010dka vo \u0160vaj\u010diarsku\"}]},{\"@type\":\"WebSite\",\"@id\":\"https:\\\/\\\/www.kraliktomas-partners.com\\\/#website\",\"url\":\"https:\\\/\\\/www.kraliktomas-partners.com\\\/\",\"name\":\"Kralik Tomas and Partners\",\"description\":\"Moje meno je z\u00e1rukou va\u0161ej spokojnosti\",\"publisher\":{\"@id\":\"https:\\\/\\\/www.kraliktomas-partners.com\\\/#organization\"},\"potentialAction\":[{\"@type\":\"SearchAction\",\"target\":{\"@type\":\"EntryPoint\",\"urlTemplate\":\"https:\\\/\\\/www.kraliktomas-partners.com\\\/?s={search_term_string}\"},\"query-input\":{\"@type\":\"PropertyValueSpecification\",\"valueRequired\":true,\"valueName\":\"search_term_string\"}}],\"inLanguage\":\"sk-SK\"},{\"@type\":\"Organization\",\"@id\":\"https:\\\/\\\/www.kraliktomas-partners.com\\\/#organization\",\"name\":\"Kralik Tomas and Partners\",\"url\":\"https:\\\/\\\/www.kraliktomas-partners.com\\\/\",\"logo\":{\"@type\":\"ImageObject\",\"inLanguage\":\"sk-SK\",\"@id\":\"https:\\\/\\\/www.kraliktomas-partners.com\\\/#\\\/schema\\\/logo\\\/image\\\/\",\"url\":\"https:\\\/\\\/www.kraliktomas-partners.com\\\/wp-content\\\/uploads\\\/2022\\\/06\\\/logo3.png\",\"contentUrl\":\"https:\\\/\\\/www.kraliktomas-partners.com\\\/wp-content\\\/uploads\\\/2022\\\/06\\\/logo3.png\",\"width\":3543,\"height\":2362,\"caption\":\"Kralik Tomas and Partners\"},\"image\":{\"@id\":\"https:\\\/\\\/www.kraliktomas-partners.com\\\/#\\\/schema\\\/logo\\\/image\\\/\"},\"sameAs\":[\"https:\\\/\\\/www.facebook.com\\\/Kralik-Tomas-Partners-103329075753200\"]}]}<\/script>\n<!-- \/ Yoast SEO plugin. -->","yoast_head_json":{"title":"P\u00f4\u017ei\u010dka vo \u0160vaj\u010diarsku - Kralik Tomas and Partners","robots":{"index":"index","follow":"follow","max-snippet":"max-snippet:-1","max-image-preview":"max-image-preview:large","max-video-preview":"max-video-preview:-1"},"canonical":"https:\/\/www.kraliktomas-partners.com\/?page_id=32","og_locale":"sk_SK","og_type":"article","og_title":"P\u00f4\u017ei\u010dka vo \u0160vaj\u010diarsku - Kralik Tomas and Partners","og_description":"Spolupracujem s mnoh\u00fdmi bankov\u00fdmi i\u0161tit\u00faciami a finan\u010dn\u00fdmi spolo\u010dnostiami, ako s\u00fa UBS Bank, Credit Suisse, BaloiseBank, Luzernkantonalbank, Cembra Money Bank, BankNow, Corner Bank, Migros Bank.Zaober\u00e1m sa takisto dlhodob\u00fdmi ako aj kr\u00e1tkodob\u00fdmi p\u00f4\u017ei\u010dkami. Hypotek\u00e1rky \u00faver Hypotek\u00e1rny \u00faver | HypothekLen m\u00e1lo \u013eud\u00ed si m\u00f4\u017ee dovoli\u0165 zaplati\u0165 nehnute\u013enos\u0165 bez hypot\u00e9ky. Preto je vo v\u00e4\u010d\u0161ine pr\u00edpadov nutn\u00e9 vypracova\u0165 pl\u00e1n financovania,&hellip; Read more","og_url":"https:\/\/www.kraliktomas-partners.com\/?page_id=32","og_site_name":"Kralik Tomas and Partners","article_publisher":"https:\/\/www.facebook.com\/Kralik-Tomas-Partners-103329075753200","article_modified_time":"2025-02-25T08:10:02+00:00","og_image":[{"width":2556,"height":927,"url":"https:\/\/www.kraliktomas-partners.com\/wp-content\/uploads\/2022\/06\/cropped-logo_modre1.png","type":"image\/png"}],"twitter_card":"summary_large_image","twitter_misc":{"Predpokladan\u00fd \u010das \u010d\u00edtania":"2 min\u00faty"},"schema":{"@context":"https:\/\/schema.org","@graph":[{"@type":"WebPage","@id":"https:\/\/www.kraliktomas-partners.com\/?page_id=32","url":"https:\/\/www.kraliktomas-partners.com\/?page_id=32","name":"P\u00f4\u017ei\u010dka vo \u0160vaj\u010diarsku - Kralik Tomas and Partners","isPartOf":{"@id":"https:\/\/www.kraliktomas-partners.com\/#website"},"primaryImageOfPage":{"@id":"https:\/\/www.kraliktomas-partners.com\/?page_id=32#primaryimage"},"image":{"@id":"https:\/\/www.kraliktomas-partners.com\/?page_id=32#primaryimage"},"thumbnailUrl":"https:\/\/www.kraliktomas-partners.com\/wp-content\/uploads\/2022\/06\/cropped-logo_modre1-300x109.png","datePublished":"2022-06-24T13:08:09+00:00","dateModified":"2025-02-25T08:10:02+00:00","breadcrumb":{"@id":"https:\/\/www.kraliktomas-partners.com\/?page_id=32#breadcrumb"},"inLanguage":"sk-SK","potentialAction":[{"@type":"ReadAction","target":["https:\/\/www.kraliktomas-partners.com\/?page_id=32"]}]},{"@type":"ImageObject","inLanguage":"sk-SK","@id":"https:\/\/www.kraliktomas-partners.com\/?page_id=32#primaryimage","url":"https:\/\/www.kraliktomas-partners.com\/wp-content\/uploads\/2022\/06\/cropped-logo_modre1.png","contentUrl":"https:\/\/www.kraliktomas-partners.com\/wp-content\/uploads\/2022\/06\/cropped-logo_modre1.png","width":2556,"height":927},{"@type":"BreadcrumbList","@id":"https:\/\/www.kraliktomas-partners.com\/?page_id=32#breadcrumb","itemListElement":[{"@type":"ListItem","position":1,"name":"Home","item":"https:\/\/www.kraliktomas-partners.com\/"},{"@type":"ListItem","position":2,"name":"P\u00f4\u017ei\u010dka vo \u0160vaj\u010diarsku"}]},{"@type":"WebSite","@id":"https:\/\/www.kraliktomas-partners.com\/#website","url":"https:\/\/www.kraliktomas-partners.com\/","name":"Kralik Tomas and Partners","description":"Moje meno je z\u00e1rukou va\u0161ej spokojnosti","publisher":{"@id":"https:\/\/www.kraliktomas-partners.com\/#organization"},"potentialAction":[{"@type":"SearchAction","target":{"@type":"EntryPoint","urlTemplate":"https:\/\/www.kraliktomas-partners.com\/?s={search_term_string}"},"query-input":{"@type":"PropertyValueSpecification","valueRequired":true,"valueName":"search_term_string"}}],"inLanguage":"sk-SK"},{"@type":"Organization","@id":"https:\/\/www.kraliktomas-partners.com\/#organization","name":"Kralik Tomas and Partners","url":"https:\/\/www.kraliktomas-partners.com\/","logo":{"@type":"ImageObject","inLanguage":"sk-SK","@id":"https:\/\/www.kraliktomas-partners.com\/#\/schema\/logo\/image\/","url":"https:\/\/www.kraliktomas-partners.com\/wp-content\/uploads\/2022\/06\/logo3.png","contentUrl":"https:\/\/www.kraliktomas-partners.com\/wp-content\/uploads\/2022\/06\/logo3.png","width":3543,"height":2362,"caption":"Kralik Tomas and Partners"},"image":{"@id":"https:\/\/www.kraliktomas-partners.com\/#\/schema\/logo\/image\/"},"sameAs":["https:\/\/www.facebook.com\/Kralik-Tomas-Partners-103329075753200"]}]}},"_links":{"self":[{"href":"https:\/\/www.kraliktomas-partners.com\/index.php?rest_route=\/wp\/v2\/pages\/32","targetHints":{"allow":["GET"]}}],"collection":[{"href":"https:\/\/www.kraliktomas-partners.com\/index.php?rest_route=\/wp\/v2\/pages"}],"about":[{"href":"https:\/\/www.kraliktomas-partners.com\/index.php?rest_route=\/wp\/v2\/types\/page"}],"author":[{"embeddable":true,"href":"https:\/\/www.kraliktomas-partners.com\/index.php?rest_route=\/wp\/v2\/users\/1"}],"replies":[{"embeddable":true,"href":"https:\/\/www.kraliktomas-partners.com\/index.php?rest_route=%2Fwp%2Fv2%2Fcomments&post=32"}],"version-history":[{"count":4,"href":"https:\/\/www.kraliktomas-partners.com\/index.php?rest_route=\/wp\/v2\/pages\/32\/revisions"}],"predecessor-version":[{"id":824,"href":"https:\/\/www.kraliktomas-partners.com\/index.php?rest_route=\/wp\/v2\/pages\/32\/revisions\/824"}],"wp:attachment":[{"href":"https:\/\/www.kraliktomas-partners.com\/index.php?rest_route=%2Fwp%2Fv2%2Fmedia&parent=32"}],"curies":[{"name":"wp","href":"https:\/\/api.w.org\/{rel}","templated":true}]}}