{"id":56,"date":"2022-06-24T13:17:12","date_gmt":"2022-06-24T13:17:12","guid":{"rendered":"https:\/\/www.kraliktomas-partners.com\/?page_id=56"},"modified":"2022-06-24T13:19:09","modified_gmt":"2022-06-24T13:19:09","slug":"financne-sluzby","status":"publish","type":"page","link":"https:\/\/www.kraliktomas-partners.com\/?page_id=56","title":{"rendered":"Finan\u010dn\u00e9 slu\u017eby"},"content":{"rendered":"\n<p>V r\u00e1mci finan\u010dn\u00fdch slu\u017eieb sa venujeme r\u00f4znym aktivit\u00e1m&#8230;<\/p>\n\n\n\n<h2 class=\"wp-block-heading\">Poistenie<\/h2>\n\n\n\n<p>\u0160vaj\u010diarsko nie je len krajina syra, \u010dokol\u00e1dy, najkvalitnej\u0161\u00edch hod\u00edn, \u010di kr\u00e1snej pr\u00edrody, ale aj krajina poistenia.<br>Samotn\u00ed \u0160vaj\u010diari maj\u00fa vyhraden\u00e9 mesa\u010dne v\u00fddavky na poistenie ich bezpe\u010dn\u00e9ho \u017eivota v priemere od 15 do 25 % z ich pr\u00edjmov.<br>Vo \u0160vaj\u010diarsku si m\u00f4\u017eete a viete poisti\u0165 \u00faplne v\u0161etko. Nastavenie poistn\u00fdch produktov je jedna z najkomplikovanej\u0161\u00edch situ\u00e1ci\u00ed, ktor\u00e9 v\u00e1s vo \u0160vaj\u010diarsku \u010dakaj\u00fa, a preto je ur\u010dite vhodn\u00e9, sa poradi\u0165 s profesion\u00e1lom v tejto oblasti.<\/p>\n\n\n\n<div class=\"wp-block-buttons is-layout-flex wp-block-buttons-is-layout-flex\">\n<div class=\"wp-block-button alignright\"><a class=\"wp-block-button__link\" href=\"https:\/\/www.kraliktomas-partners.com\/?page_id=11\">\u010c\u00edtajte viac<\/a><\/div>\n<\/div>\n\n\n\n<p><\/p>\n\n\n\n<h2 class=\"wp-block-heading\">P\u00f4\u017ei\u010dka<\/h2>\n\n\n\n<p>Spolupracujem s mnoh\u00fdmi bankov\u00fdmi i\u0161tit\u00faciami a finan\u010dn\u00fdmi spolo\u010dnostiami, ako s\u00fa UBS Bank, Credit Suisse, BaloiseBank, Luzernkantonalbank, Cembra, BankNow.<\/p>\n\n\n\n<p>Zaober\u00e1m sa takisto dlhodob\u00fdmi ako aj kr\u00e1tkodob\u00fdmi p\u00f4\u017ei\u010dkami.<\/p>\n\n\n\n<p><\/p>\n\n\n\n<div class=\"wp-block-buttons is-layout-flex wp-block-buttons-is-layout-flex\"><\/div>\n\n\n\n<h2 class=\"wp-block-heading\">Sporenie<\/h2>\n\n\n\n<p>Pokia\u013e sa vo \u0160vaj\u010diarsku rozhodnete zosta\u0165 viac ako jednu sez\u00f3nu, je ve\u013emi d\u00f4le\u017eit\u00e9, za\u010da\u0165 rozm\u00fd\u0161\u013ea\u0165 nad zalo\u017een\u00edm si sporenia. \u010ci sa jedn\u00e1 o sporenie na bankovom \u00fa\u010dte alebo ide o sporenie cez pois\u0165ov\u0148u, nasporenou sumou si zabezpe\u010d\u00edte pocit istoty v pr\u00edpade, \u017ee pr\u00edde k neo\u010dak\u00e1van\u00fdm udalostiam.<\/p>\n\n\n\n<h2 class=\"wp-block-heading\">Nehnute\u013enos\u0165<\/h2>\n\n\n\n<p>T\u00e9ma k\u00fapi bytu, \u010di domu sa za posledn\u00fd viac ako rok dos\u0165 ve\u013emi rozbehla a \u010d\u00edm \u010falej, t\u00fdm viac a viac sa za\u010dali \u013eudia o nehnute\u013enosti zauj\u00edma\u0165. Hypotek\u00e1rny syst\u00e9m vo \u0160vaj\u010diarsku je na prv\u00fd poh\u013ead ve\u013emi zlo\u017eit\u00fd, ale po konzult\u00e1cii s osobou, ktor\u00e1 sa naozaj t\u00e9me rozumie, zist\u00edte, \u017ee ma\u0165 vysn\u00edvan\u00fd dom\u010dek alebo byt vo \u0160vaj\u010diarsku nie je nemo\u017en\u00e9. Mnohokr\u00e1t je to jednoduch\u0161ie ako na Slovensku alebo v \u010cech\u00e1ch. Nehnute\u013enos\u0165 v hodnote 500-tis\u00edc CHF v\u00e1s m\u00f4\u017ee st\u00e1\u0165 na spl\u00e1tke mesa\u010dne u\u017e od 999 CHF.<\/p>\n\n\n\n<h2 class=\"wp-block-heading\">Investovanie<\/h2>\n\n\n\n<p>Ka\u017ed\u00fd z n\u00e1s vie, \u017ee \u0160vaj\u010diarsko je vo svete zn\u00e1me aj svojim siln\u00fdm bankov\u00fdm sektorom. Mo\u017eno si poviete, \u017ee to nie je pre v\u00e1s, \u017ee to je len pre t\u00fdch, \u010do maj\u00fa mili\u00f3ny, ale opak je pravdou. Verte, \u017ee v\u00e4\u010d\u0161ina invest\u00edci\u00ed, ktor\u00e9 s\u00fa be\u017en\u00e9 v bank\u00e1ch, je od \u013eud\u00ed, ako ste vy. \u013dudia, ktor\u00fd maj\u00fa be\u017en\u00e9 zamestnanie s priemern\u00fdm platom.<\/p>\n\n\n\n<h2 class=\"wp-block-heading\">Poradenstvo<\/h2>\n\n\n\n<p>Slovo poradenstvo je vo \u0160vaj\u010diarsku vn\u00edman\u00e9 ve\u013emi \u0161pecificky. Mnoho \u013eud\u00ed, ktor\u00ed \u017eij\u00fa v tejto krajine, maj\u00fa osobn\u00e9 sk\u00fasenosti s t\u00fdm, \u017ee ni\u010d nie je zadarmo. Potrebujete term\u00edn v banke, plat\u00edte. Potrebujete term\u00edn v \u00fa\u010dtovn\u00edckej firme, plat\u00edte. Potrebujete poradi\u0165 v pr\u00e1vnej veci, okam\u017eite plat\u00edte.<\/p>\n\n\n\n<p><\/p>\n","protected":false},"excerpt":{"rendered":"<p>V r\u00e1mci finan\u010dn\u00fdch slu\u017eieb sa venujeme r\u00f4znym aktivit\u00e1m&#8230; Poistenie \u0160vaj\u010diarsko nie je len krajina syra, \u010dokol\u00e1dy, najkvalitnej\u0161\u00edch hod\u00edn, \u010di kr\u00e1snej pr\u00edrody, ale aj krajina poistenia.Samotn\u00ed \u0160vaj\u010diari maj\u00fa vyhraden\u00e9 mesa\u010dne v\u00fddavky na poistenie ich bezpe\u010dn\u00e9ho \u017eivota v priemere od 15 do 25 % z ich pr\u00edjmov.Vo \u0160vaj\u010diarsku si m\u00f4\u017eete a viete poisti\u0165 \u00faplne v\u0161etko. Nastavenie poistn\u00fdch&hellip; <br \/> <a class=\"read-more\" href=\"https:\/\/www.kraliktomas-partners.com\/?page_id=56\">Read more<\/a><\/p>\n","protected":false},"author":1,"featured_media":0,"parent":0,"menu_order":0,"comment_status":"closed","ping_status":"closed","template":"","meta":{"footnotes":""},"class_list":["post-56","page","type-page","status-publish","hentry"],"aioseo_notices":[],"yoast_head":"<!-- This site is optimized with the Yoast SEO plugin v27.4 - https:\/\/yoast.com\/product\/yoast-seo-wordpress\/ -->\n<title>Finan\u010dn\u00e9 slu\u017eby - Kralik Tomas and Partners<\/title>\n<meta name=\"robots\" content=\"index, follow, max-snippet:-1, max-image-preview:large, max-video-preview:-1\" \/>\n<link rel=\"canonical\" href=\"https:\/\/www.kraliktomas-partners.com\/?page_id=56\" \/>\n<meta property=\"og:locale\" content=\"sk_SK\" \/>\n<meta property=\"og:type\" content=\"article\" \/>\n<meta property=\"og:title\" content=\"Finan\u010dn\u00e9 slu\u017eby - Kralik Tomas and Partners\" \/>\n<meta property=\"og:description\" content=\"V r\u00e1mci finan\u010dn\u00fdch slu\u017eieb sa venujeme r\u00f4znym aktivit\u00e1m&#8230; Poistenie \u0160vaj\u010diarsko nie je len krajina syra, \u010dokol\u00e1dy, najkvalitnej\u0161\u00edch hod\u00edn, \u010di kr\u00e1snej pr\u00edrody, ale aj krajina poistenia.Samotn\u00ed \u0160vaj\u010diari maj\u00fa vyhraden\u00e9 mesa\u010dne v\u00fddavky na poistenie ich bezpe\u010dn\u00e9ho \u017eivota v priemere od 15 do 25 % z ich pr\u00edjmov.Vo \u0160vaj\u010diarsku si m\u00f4\u017eete a viete poisti\u0165 \u00faplne v\u0161etko. Nastavenie poistn\u00fdch&hellip; Read more\" \/>\n<meta property=\"og:url\" content=\"https:\/\/www.kraliktomas-partners.com\/?page_id=56\" \/>\n<meta property=\"og:site_name\" content=\"Kralik Tomas and Partners\" \/>\n<meta property=\"article:publisher\" content=\"https:\/\/www.facebook.com\/Kralik-Tomas-Partners-103329075753200\" \/>\n<meta property=\"article:modified_time\" content=\"2022-06-24T13:19:09+00:00\" \/>\n<meta name=\"twitter:card\" content=\"summary_large_image\" \/>\n<meta name=\"twitter:label1\" content=\"Predpokladan\u00fd \u010das \u010d\u00edtania\" \/>\n\t<meta name=\"twitter:data1\" content=\"2 min\u00faty\" \/>\n<script type=\"application\/ld+json\" class=\"yoast-schema-graph\">{\"@context\":\"https:\\\/\\\/schema.org\",\"@graph\":[{\"@type\":\"WebPage\",\"@id\":\"https:\\\/\\\/www.kraliktomas-partners.com\\\/?page_id=56\",\"url\":\"https:\\\/\\\/www.kraliktomas-partners.com\\\/?page_id=56\",\"name\":\"Finan\u010dn\u00e9 slu\u017eby - Kralik Tomas and Partners\",\"isPartOf\":{\"@id\":\"https:\\\/\\\/www.kraliktomas-partners.com\\\/#website\"},\"datePublished\":\"2022-06-24T13:17:12+00:00\",\"dateModified\":\"2022-06-24T13:19:09+00:00\",\"breadcrumb\":{\"@id\":\"https:\\\/\\\/www.kraliktomas-partners.com\\\/?page_id=56#breadcrumb\"},\"inLanguage\":\"sk-SK\",\"potentialAction\":[{\"@type\":\"ReadAction\",\"target\":[\"https:\\\/\\\/www.kraliktomas-partners.com\\\/?page_id=56\"]}]},{\"@type\":\"BreadcrumbList\",\"@id\":\"https:\\\/\\\/www.kraliktomas-partners.com\\\/?page_id=56#breadcrumb\",\"itemListElement\":[{\"@type\":\"ListItem\",\"position\":1,\"name\":\"Home\",\"item\":\"https:\\\/\\\/www.kraliktomas-partners.com\\\/\"},{\"@type\":\"ListItem\",\"position\":2,\"name\":\"Finan\u010dn\u00e9 slu\u017eby\"}]},{\"@type\":\"WebSite\",\"@id\":\"https:\\\/\\\/www.kraliktomas-partners.com\\\/#website\",\"url\":\"https:\\\/\\\/www.kraliktomas-partners.com\\\/\",\"name\":\"Kralik Tomas and Partners\",\"description\":\"Moje meno je z\u00e1rukou va\u0161ej spokojnosti\",\"publisher\":{\"@id\":\"https:\\\/\\\/www.kraliktomas-partners.com\\\/#organization\"},\"potentialAction\":[{\"@type\":\"SearchAction\",\"target\":{\"@type\":\"EntryPoint\",\"urlTemplate\":\"https:\\\/\\\/www.kraliktomas-partners.com\\\/?s={search_term_string}\"},\"query-input\":{\"@type\":\"PropertyValueSpecification\",\"valueRequired\":true,\"valueName\":\"search_term_string\"}}],\"inLanguage\":\"sk-SK\"},{\"@type\":\"Organization\",\"@id\":\"https:\\\/\\\/www.kraliktomas-partners.com\\\/#organization\",\"name\":\"Kralik Tomas and Partners\",\"url\":\"https:\\\/\\\/www.kraliktomas-partners.com\\\/\",\"logo\":{\"@type\":\"ImageObject\",\"inLanguage\":\"sk-SK\",\"@id\":\"https:\\\/\\\/www.kraliktomas-partners.com\\\/#\\\/schema\\\/logo\\\/image\\\/\",\"url\":\"https:\\\/\\\/www.kraliktomas-partners.com\\\/wp-content\\\/uploads\\\/2022\\\/06\\\/logo3.png\",\"contentUrl\":\"https:\\\/\\\/www.kraliktomas-partners.com\\\/wp-content\\\/uploads\\\/2022\\\/06\\\/logo3.png\",\"width\":3543,\"height\":2362,\"caption\":\"Kralik Tomas and Partners\"},\"image\":{\"@id\":\"https:\\\/\\\/www.kraliktomas-partners.com\\\/#\\\/schema\\\/logo\\\/image\\\/\"},\"sameAs\":[\"https:\\\/\\\/www.facebook.com\\\/Kralik-Tomas-Partners-103329075753200\"]}]}<\/script>\n<!-- \/ Yoast SEO plugin. -->","yoast_head_json":{"title":"Finan\u010dn\u00e9 slu\u017eby - Kralik Tomas and Partners","robots":{"index":"index","follow":"follow","max-snippet":"max-snippet:-1","max-image-preview":"max-image-preview:large","max-video-preview":"max-video-preview:-1"},"canonical":"https:\/\/www.kraliktomas-partners.com\/?page_id=56","og_locale":"sk_SK","og_type":"article","og_title":"Finan\u010dn\u00e9 slu\u017eby - Kralik Tomas and Partners","og_description":"V r\u00e1mci finan\u010dn\u00fdch slu\u017eieb sa venujeme r\u00f4znym aktivit\u00e1m&#8230; Poistenie \u0160vaj\u010diarsko nie je len krajina syra, \u010dokol\u00e1dy, najkvalitnej\u0161\u00edch hod\u00edn, \u010di kr\u00e1snej pr\u00edrody, ale aj krajina poistenia.Samotn\u00ed \u0160vaj\u010diari maj\u00fa vyhraden\u00e9 mesa\u010dne v\u00fddavky na poistenie ich bezpe\u010dn\u00e9ho \u017eivota v priemere od 15 do 25 % z ich pr\u00edjmov.Vo \u0160vaj\u010diarsku si m\u00f4\u017eete a viete poisti\u0165 \u00faplne v\u0161etko. Nastavenie poistn\u00fdch&hellip; Read more","og_url":"https:\/\/www.kraliktomas-partners.com\/?page_id=56","og_site_name":"Kralik Tomas and Partners","article_publisher":"https:\/\/www.facebook.com\/Kralik-Tomas-Partners-103329075753200","article_modified_time":"2022-06-24T13:19:09+00:00","twitter_card":"summary_large_image","twitter_misc":{"Predpokladan\u00fd \u010das \u010d\u00edtania":"2 min\u00faty"},"schema":{"@context":"https:\/\/schema.org","@graph":[{"@type":"WebPage","@id":"https:\/\/www.kraliktomas-partners.com\/?page_id=56","url":"https:\/\/www.kraliktomas-partners.com\/?page_id=56","name":"Finan\u010dn\u00e9 slu\u017eby - Kralik Tomas and Partners","isPartOf":{"@id":"https:\/\/www.kraliktomas-partners.com\/#website"},"datePublished":"2022-06-24T13:17:12+00:00","dateModified":"2022-06-24T13:19:09+00:00","breadcrumb":{"@id":"https:\/\/www.kraliktomas-partners.com\/?page_id=56#breadcrumb"},"inLanguage":"sk-SK","potentialAction":[{"@type":"ReadAction","target":["https:\/\/www.kraliktomas-partners.com\/?page_id=56"]}]},{"@type":"BreadcrumbList","@id":"https:\/\/www.kraliktomas-partners.com\/?page_id=56#breadcrumb","itemListElement":[{"@type":"ListItem","position":1,"name":"Home","item":"https:\/\/www.kraliktomas-partners.com\/"},{"@type":"ListItem","position":2,"name":"Finan\u010dn\u00e9 slu\u017eby"}]},{"@type":"WebSite","@id":"https:\/\/www.kraliktomas-partners.com\/#website","url":"https:\/\/www.kraliktomas-partners.com\/","name":"Kralik Tomas and Partners","description":"Moje meno je z\u00e1rukou va\u0161ej spokojnosti","publisher":{"@id":"https:\/\/www.kraliktomas-partners.com\/#organization"},"potentialAction":[{"@type":"SearchAction","target":{"@type":"EntryPoint","urlTemplate":"https:\/\/www.kraliktomas-partners.com\/?s={search_term_string}"},"query-input":{"@type":"PropertyValueSpecification","valueRequired":true,"valueName":"search_term_string"}}],"inLanguage":"sk-SK"},{"@type":"Organization","@id":"https:\/\/www.kraliktomas-partners.com\/#organization","name":"Kralik Tomas and Partners","url":"https:\/\/www.kraliktomas-partners.com\/","logo":{"@type":"ImageObject","inLanguage":"sk-SK","@id":"https:\/\/www.kraliktomas-partners.com\/#\/schema\/logo\/image\/","url":"https:\/\/www.kraliktomas-partners.com\/wp-content\/uploads\/2022\/06\/logo3.png","contentUrl":"https:\/\/www.kraliktomas-partners.com\/wp-content\/uploads\/2022\/06\/logo3.png","width":3543,"height":2362,"caption":"Kralik Tomas and Partners"},"image":{"@id":"https:\/\/www.kraliktomas-partners.com\/#\/schema\/logo\/image\/"},"sameAs":["https:\/\/www.facebook.com\/Kralik-Tomas-Partners-103329075753200"]}]}},"_links":{"self":[{"href":"https:\/\/www.kraliktomas-partners.com\/index.php?rest_route=\/wp\/v2\/pages\/56","targetHints":{"allow":["GET"]}}],"collection":[{"href":"https:\/\/www.kraliktomas-partners.com\/index.php?rest_route=\/wp\/v2\/pages"}],"about":[{"href":"https:\/\/www.kraliktomas-partners.com\/index.php?rest_route=\/wp\/v2\/types\/page"}],"author":[{"embeddable":true,"href":"https:\/\/www.kraliktomas-partners.com\/index.php?rest_route=\/wp\/v2\/users\/1"}],"replies":[{"embeddable":true,"href":"https:\/\/www.kraliktomas-partners.com\/index.php?rest_route=%2Fwp%2Fv2%2Fcomments&post=56"}],"version-history":[{"count":5,"href":"https:\/\/www.kraliktomas-partners.com\/index.php?rest_route=\/wp\/v2\/pages\/56\/revisions"}],"predecessor-version":[{"id":62,"href":"https:\/\/www.kraliktomas-partners.com\/index.php?rest_route=\/wp\/v2\/pages\/56\/revisions\/62"}],"wp:attachment":[{"href":"https:\/\/www.kraliktomas-partners.com\/index.php?rest_route=%2Fwp%2Fv2%2Fmedia&parent=56"}],"curies":[{"name":"wp","href":"https:\/\/api.w.org\/{rel}","templated":true}]}}